0/(2/1) - -4. Let k(i) = i**2 - 9. Let o(g) = -g**2 + 8. Let m(j) = -4*k(j) - 5*o(j). List the prime factors of m(q).
2, 3
Let w(u) = -u**3 - 9*u**2 - 10*u - 11. Let l be w(-8). Suppose 0 = -2*q + 8, q - 153 = -l*h - q. List the prime factors of h.
29
Let f(u) be the second derivative of -u**4/12 + 13*u**3/6 + u**2/2 + 2*u. What are the prime factors of f(9)?
37
Suppose 4*r - k = 0, -3*r + 4*k + 3 = 16. Let h(q) = -q - 1. Let z(l) = -9*l - 4. Let s(b) = 5*h(b) - z(b). What are the prime factors of s(r)?
3
Let d(n) be the first derivative of -3*n**2/2 - 4*n + 3. List the prime factors of d(-4).
2
Let q(b) = -b**2 + 1. Let f be q(0). List the prime factors of 19*(3 + (f - 3)).
19
Let a(z) = z + 9. Let k be a(-9). Let n = k + 0. Suppose n = 2*b + 2*v - 36, 2*b + 3*v = 38 + 2. List the prime factors of b.
2, 7
Suppose 13*h - 14*h + 46 = 0. What are the prime factors of h?
2, 23
Suppose 2*g + 0*g + 4*v - 2 = 0, v - 14 = -2*g. Suppose 5*m - g = 1. Suppose -4*s = -2*o - m*o + 72, -2*o + 33 = -5*s. What are the prime factors of o?
19
List the prime factors of 56/(2 + 0) + -3.
5
Suppose 3*t - 21 = -6. Suppose -75 = -0*c - t*c. What are the prime factors of c?
3, 5
List the prime factors of 8/(-52) - (-2868)/52.
5, 11
What are the prime factors of (-2)/14 + (-58)/(-14)?
2
Suppose 2*h = 112 + 10. What are the prime factors of h?
61
Suppose -85 = o - 240. List the prime factors of o.
5, 31
Suppose 0 = 2*x + 2, -4*p + 5*x = -4 - 1. Suppose -5*g = -s - 204, -g + 5*s + 47 + 13 = 0. Suppose p = -4*t - t + g. List the prime factors of t.
2
Let q = 63 + -45. What are the prime factors of q?
2, 3
Suppose -2*m + 2*i - 3 = -9, 4*i - 2 = -3*m. Let u = m + 12. What are the prime factors of u?
2, 7
Suppose -4*z - d + 354 = 0, -2*d + 133 = -5*z + 569. What are the prime factors of z?
2, 11
Let f(l) be the first derivative of l**2 - 10*l + 9. Let w(x) = -3*x. Let a be w(-3). What are the prime factors of f(a)?
2
Let g be 3*(2 - (4 + -3)). Suppose 65 = 5*i - 2*k, 2*k + 35 = -0*i + g*i. List the prime factors of i.
3, 5
Suppose l = -6 - 30. Let k = -25 - l. What are the prime factors of k?
11
Let s be 2/(-9) + (-370)/(-45). Let i = s - 5. Let a = i - -8. What are the prime factors of a?
11
Suppose -6*c + c + 1 = -3*x, -3*x - 2*c = -13. Suppose -57 = -2*a + q, 6*q = -3*a + x*q + 108. List the prime factors of a.
31
Let m(q) = q. Let d be m(-1). What are the prime factors of d/(-5) - (-264)/30?
3
Let b(l) = -l**3 + 5*l**2 - 5*l + 6. Let d(j) = 2*j + 2. Let c be d(-2). Let z = c - -6. What are the prime factors of b(z)?
2
Suppose -5*y = 5*b - 785, 0 = -4*b + 5*y - y + 660. What are the prime factors of b?
7, 23
Let w(l) be the first derivative of -l**3/3 + 7*l**2 - 10*l + 1. Let b be w(10). Suppose 0*t - b = -2*d + 2*t, 45 = 4*d - t. What are the prime factors of d?
2, 5
Let x = 9 + -13. List the prime factors of (8/(-6))/(x/6).
2
Let x(w) = -w**3 + 8*w**2 + w + 3. List the prime factors of x(7).
59
Let s = 17 + -3. What are the prime factors of s?
2, 7
Let o(v) be the first derivative of -v**3/3 - v**2/2 + 20*v + 6. What are the prime factors of o(0)?
2, 5
Let c = 5 + -3. Suppose 0*x - 3*h + 1 = -x, 5*x - c*h = 8. List the prime factors of x.
2
Suppose 5*c = 5*i + 270, 2*c - 5*i - 132 = -39. What are the prime factors of c?
59
Let m = 10 - 9. Let g be ((-18)/12)/(m/(-6)). Let y = 11 - g. List the prime factors of y.
2
Let m(z) = -z**2 + 5*z - 3. Let i be m(3). Suppose 22 = 3*y + 2*q, 2*y - 3*q = -i*y + 5. What are the prime factors of y?
2
Let z(v) = v - 1. Let k be z(5). Let d = k + 5. Let m(h) = h - 5. What are the prime factors of m(d)?
2
Suppose -29 = -2*l - 7. Let k(x) = x**2 - 15*x - 10. Let r be k(16). Let p = r + l. List the prime factors of p.
17
List the prime factors of ((-2)/4)/((-2)/112).
2, 7
Suppose -2*d = -d + 4*z - 34, -5*z - 3 = -2*d. Suppose -k + 3*k - d = 0. What are the prime factors of k?
7
What are the prime factors of 12/(-8) + 306/4?
3, 5
Suppose 4*p - 654 = 582. List the prime factors of p.
3, 103
Suppose 146 = 13*p - 23. List the prime factors of p.
13
List the prime factors of (-21)/7*(-16)/3.
2
Let z be ((-9)/12 - 0)*-4. Suppose 0 = z*q - 5*k - 24, q + 4*k + 7 = -2. Let n(i) = -i**2 + 3*i + 4. What are the prime factors of n(q)?
2
Suppose 0 = 5*v - 2*p - 225, -v = v + 5*p - 61. What are the prime factors of v?
43
Let c be (2/1)/(4/(-6)). Let x(i) = i**3 + 3*i**2 - i - 2. Let g be x(c). Suppose g = 2*y - 35. List the prime factors of y.
2, 3
Let c(n) = -2*n - 2. Let v be c(-2). Suppose 0*x - v*x = -5*g + 19, 6 = -3*x. Let z = 2 + g. List the prime factors of z.
5
Let m = -17 - 1. Let x be 2/(-9) + (-1264)/m. Suppose 0 = -c - 4*c + x. List the prime factors of c.
2, 7
List the prime factors of (108/16)/((-3)/(-8)).
2, 3
Let b = -14 - -5. Let z = 15 - b. What are the prime factors of z?
2, 3
List the prime factors of ((-16)/6 - -3) + 1520/12.
127
Suppose -5*z = -8 - 2. Suppose z*d = 4*n - 12, -d = -n - 0*d + 1. What are the prime factors of n?
5
Let k(h) = 47*h - 19. What are the prime factors of k(7)?
2, 5, 31
Suppose -3*g - 258 = -2*w, -5*w + w - g + 516 = 0. What are the prime factors of w?
3, 43
Let n be (20/(-6)*-3)/2. Let h(p) = 2*p. List the prime factors of h(n).
2, 5
Let w(k) = 1 + 4*k - 5*k - k + 3*k. Let a be (6/(-7))/((-1)/7). List the prime factors of w(a).
7
Let b(t) = -t**2 - t. Let k(c) = -8*c**2 + 6*c + 1. Let w(r) = -5*b(r) - k(r). List the prime factors of w(2).
7
Let x(h) = h + 12. Let w be x(-4). Suppose -5*u = -w*u + 72. List the prime factors of u.
2, 3
List the prime factors of -4*15*(42/(-8) - -4).
3, 5
Let p = -87 + 107. What are the prime factors of p?
2, 5
Let l(i) = -i**3 - 5*i**2 + 5*i - 1. Let j be l(-6). Suppose -j*w + 24 = -w. What are the prime factors of w?
2, 3
Suppose 4*z = -0*z - 44. Let x = -7 - z. Suppose 2*j = y + 9, -3*j + 5*y - 1 + x = 0. List the prime factors of j.
2, 3
Suppose 0 = 7*w - 131 - 79. What are the prime factors of w?
2, 3, 5
Let m be 2/(-6)*(-1 - 5). Suppose 18 = m*j + j. List the prime factors of j.
2, 3
Suppose 6 = 2*q - 4. Suppose 0 = -3*a - 4*v + 92 - 28, 0 = 3*a + q*v - 68. List the prime factors of a.
2
Suppose -2*z + 70 = -6. Let r be (z/3 + -2)*3. Let l = -14 + r. List the prime factors of l.
2, 3
Suppose -5 = 5*c - 40. What are the prime factors of c?
7
Let t = 5 - 5. Suppose 3*g - 4*g = t. Suppose 5*b - f - 2*f - 57 = g, -5*b = 5*f - 65. List the prime factors of b.
2, 3
Suppose 5*a + d - 10 = 8, 8 = -4*d. Suppose a*f - 68 = 36. What are the prime factors of f?
2, 13
Let v be 219/(-9) + (-6)/9. Let c = 45 + v. List the prime factors of c.
2, 5
Suppose 108 = -0*t + 4*t. List the prime factors of t.
3
Suppose 3*d + s = 4*s + 816, 2*s - 841 = -3*d. List the prime factors of d.
277
Let p(l) = -l**3 - 3*l**2 + 8*l + 6. Suppose 1 = -v - 4. List the prime factors of p(v).
2
Suppose 0 = -2*s + 15 + 13. Suppose -5*o + 36 = -s. Suppose o*k - 35 = 5*k. List the prime factors of k.
7
Let l = 40 + -28. Let o = -6 + l. List the prime factors of o.
2, 3
Let b = 22 + -17. List the prime factors of b.
5
Let r be 6/9*3 - 1. What are the prime factors of 8 + (2 - r) - 2?
7
Let g = 135 - 67. What are the prime factors of g?
2, 17
Suppose -4*r + 101 = 3*t - 2, -3*t = 5*r - 128. List the prime factors of r + 1 + (-13 - -15).
2, 7
What are the prime factors of (4 - -2)/(3/7)?
2, 7
Let w(i) = -7*i - 25. What are the prime factors of w(-16)?
3, 29
Suppose -32 = -5*r + r + m, 5*r + 4*m - 19 = 0. Let s(b) = -6*b**2 - 2*b + b**3 - b + 9 - 4*b. What are the prime factors of s(r)?
3
Let l(n) = -9*n - 11. What are the prime factors of l(-5)?
2, 17
Let i = 6 - 2. Suppose 3*a + 9 = 144. Suppose 13 = -i*s + a. List the prime factors of s.
2
Let s be (-1)/(-5) + 2184/30. Suppose -s - 7 = -2*v. List the prime factors of (v/6)/((-5)/(-15)).
2, 5
Let f(h) = -4*h**2 + 1. Let t be f(-1). Let s = -28 + 45. Let u = s + t. List the prime factors of u.
2, 7
Let f = -17 + 8. List the prime factors of 10/15*f/(-2).
3
Suppose 301 = 5*p + 2*s + 90, 0 = -2*p - s + 84. List the prime factors of p.
43
Let a = 11 + 2. What are the prime factors of a?
13
Let w = 39 + -21. Suppose -c + 2*c - 11 = 3*u, -3*u = 9. Suppose 0 = c*l - m - m - w, 4 = -2*m. What are the prime factors of l?
7
Let i = 11 + 3. List the prime factors of i.
